HEX
Server: LiteSpeed
System: Linux node612.namehero.net 4.18.0-553.121.1.lve.el8.x86_64 #1 SMP Thu Apr 30 16:40:41 UTC 2026 x86_64
User: dfwparty (1186)
PHP: 8.3.31
Disabled: NONE
Upload Files
File: //home/dfwparty/access-logs/dfw.party-ssl_log
217.64.126.68 - - [18/Jul/2026:19:19:01 -0600] "POST /wp-login.php HTTP/1.1" 200 2462 "-" "Mozilla/5.0 (iPhone; CPU iPhone OS 17_0 like Mac OS X) AppleWebKit/605.1.15 (KHTML, like Gecko) Version/17.0 Mobile/15E148 Safari/604.1"
18.216.241.136 - - [18/Jul/2026:18:58:28 -0600] "POST /xmlrpc.php HTTP/1.1" 200 210 "-" "Mozilla/5.0 (Windows NT 10.0) AppleWebKit/537.36 (KHTML, like Gecko) Chrome/142.0.0.0 Safari/537.36"
17.22.253.124 - - [18/Jul/2026:19:30:41 -0600] "GET /dfw-party-provides-childrens-entertainers-for-carrollton-texas/ HTTP/2" 200 36014 "-" "Mozilla/5.0 (Macintosh; Intel Mac OS X 10_15_7) AppleWebKit/605.1.15 (KHTML, like Gecko) Version/17.4 Safari/605.1.15 (Applebot/0.1; +http://www.apple.com/go/applebot)"
17.22.245.92 - - [18/Jul/2026:19:34:01 -0600] "GET /wp-content/uploads/elementor/css/post-1358.css?ver=1782442868 HTTP/2" 200 172 "https://dfw.party/dfw-party-provides-childrens-entertainers-for-carrollton-texas/" "Mozilla/5.0 (Macintosh; Intel Mac OS X 10_15_7) AppleWebKit/605.1.15 (KHTML, like Gecko) Version/17.4 Safari/605.1.15 (Applebot/0.1; +http://www.apple.com/go/applebot)"
100.31.124.106 - - [18/Jul/2026:20:02:43 -0600] "POST /xmlrpc.php HTTP/1.1" 200 210 "-" "Mozilla/5.0 (Windows NT 10.0; Win64; x64) AppleWebKit/537.36 (KHTML, like Gecko) Chrome/140.0.0.0 Safari/537.36 Edg/140.0.0.0"
172.234.81.62 - - [18/Jul/2026:20:27:56 -0600] "POST /wp-login.php HTTP/1.1" 200 2462 "-" "Mozilla/5.0 (Linux; Android 12; SM-G991B) AppleWebKit/537.36 (KHTML, like Gecko) Chrome/129.0.0.0 Mobile Safari/537.36"
1.39.136.87 - - [18/Jul/2026:20:06:38 -0600] "GET /wp-content/themes/astra/assets/css/minified/galleries.min.css?ver=4.6.5 HTTP/1.1" 403 72 "-" "Mozilla/5.0 (Macintosh; Intel Mac OS X 11.5; rv:129.0) Gecko/20100101 Firefox/129.0"
216.73.216.36 - - [18/Jul/2026:20:29:53 -0600] "GET /robots.txt HTTP/2" 200 90 "-" "Mozilla/5.0 AppleWebKit/537.36 (KHTML, like Gecko; compatible; ClaudeBot/1.0; +claudebot@anthropic.com)"
216.73.216.36 - - [18/Jul/2026:20:29:59 -0600] "GET /wp-sitemap.xml HTTP/2" 200 188 "-" "Mozilla/5.0 AppleWebKit/537.36 (KHTML, like Gecko; compatible; ClaudeBot/1.0; +claudebot@anthropic.com)"
198.244.242.186 - - [18/Jul/2026:20:46:52 -0600] "GET /wp-sitemap.xml HTTP/2" 200 188 "-" "Mozilla/5.0 (compatible; AhrefsBot/7.0; +http://ahrefs.com/robot/)"
198.244.226.55 - - [18/Jul/2026:20:46:58 -0600] "GET /wp-sitemap-posts-post-1.xml HTTP/2" 200 1899 "-" "Mozilla/5.0 (compatible; AhrefsBot/7.0; +http://ahrefs.com/robot/)"
54.38.147.99 - - [18/Jul/2026:20:47:02 -0600] "GET /wp-sitemap-posts-page-1.xml HTTP/2" 200 207 "-" "Mozilla/5.0 (compatible; AhrefsBot/7.0; +http://ahrefs.com/robot/)"
17.241.219.238 - - [18/Jul/2026:20:57:30 -0600] "GET /robots.txt HTTP/2" 200 107 "-" "Mozilla/5.0 (Macintosh; Intel Mac OS X 10_15_7) AppleWebKit/605.1.15 (KHTML, like Gecko) Version/17.4 Safari/605.1.15 (Applebot/0.1; +http://www.apple.com/go/applebot)"
17.241.219.238 - - [18/Jul/2026:20:57:31 -0600] "GET /balloon-twisting-balloon-animals-in-dallas-fort-worth/ HTTP/2" 200 36752 "-" "Mozilla/5.0 (Macintosh; Intel Mac OS X 10_15_7) AppleWebKit/605.1.15 (KHTML, like Gecko) Version/17.4 Safari/605.1.15 (Applebot/0.1; +http://www.apple.com/go/applebot)"
69.171.230.2 - - [18/Jul/2026:20:38:05 -0600] "GET /robots.txt HTTP/2" 200 110 "-" "facebookexternalhit/1.1 (+http://www.facebook.com/externalhit_uatext.php)"
15.235.27.215 - - [18/Jul/2026:20:46:47 -0600] "GET /robots.txt HTTP/2" 200 90 "-" "Mozilla/5.0 (compatible; AhrefsBot/7.0; +http://ahrefs.com/robot/)"
198.244.242.164 - - [18/Jul/2026:20:47:07 -0600] "GET /wp-sitemap-taxonomies-category-1.xml HTTP/2" 200 199 "-" "Mozilla/5.0 (compatible; AhrefsBot/7.0; +http://ahrefs.com/robot/)"
198.244.168.5 - - [18/Jul/2026:20:47:13 -0600] "GET /wp-sitemap-users-1.xml HTTP/2" 200 157 "-" "Mozilla/5.0 (compatible; AhrefsBot/7.0; +http://ahrefs.com/robot/)"
17.241.227.123 - - [18/Jul/2026:21:05:27 -0600] "GET /wp-content/plugins/elementor/assets/css/frontend.min.css?ver=4.1.4 HTTP/2" 200 6613 "https://dfw.party/balloon-twisting-balloon-animals-in-dallas-fort-worth/" "Mozilla/5.0 (Macintosh; Intel Mac OS X 10_15_7) AppleWebKit/605.1.15 (KHTML, like Gecko) Version/17.4 Safari/605.1.15 (Applebot/0.1; +http://www.apple.com/go/applebot)"
17.241.227.123 - - [18/Jul/2026:21:05:28 -0600] "GET /wp-content/uploads/astra-addon/astra-addon-6a3d21413e8636-52792656.css?ver=4.13.4 HTTP/2" 200 2401 "https://dfw.party/balloon-twisting-balloon-animals-in-dallas-fort-worth/" "Mozilla/5.0 (Macintosh; Intel Mac OS X 10_15_7) AppleWebKit/605.1.15 (KHTML, like Gecko) Version/17.4 Safari/605.1.15 (Applebot/0.1; +http://www.apple.com/go/applebot)"
17.241.227.123 - - [18/Jul/2026:21:05:30 -0600] "GET /wp-content/uploads/elementor/css/post-17.css?ver=1782391281 HTTP/2" 200 343 "https://dfw.party/balloon-twisting-balloon-animals-in-dallas-fort-worth/" "Mozilla/5.0 (Macintosh; Intel Mac OS X 10_15_7) AppleWebKit/605.1.15 (KHTML, like Gecko) Version/17.4 Safari/605.1.15 (Applebot/0.1; +http://www.apple.com/go/applebot)"
17.241.227.123 - - [18/Jul/2026:21:05:31 -0600] "GET /wp-content/plugins/ultimate-elementor/assets/min-css/uael-frontend.min.css?ver=1.45.0 HTTP/2" 200 76022 "https://dfw.party/balloon-twisting-balloon-animals-in-dallas-fort-worth/" "Mozilla/5.0 (Macintosh; Intel Mac OS X 10_15_7) AppleWebKit/605.1.15 (KHTML, like Gecko) Version/17.4 Safari/605.1.15 (Applebot/0.1; +http://www.apple.com/go/applebot)"
17.241.227.123 - - [18/Jul/2026:21:05:33 -0600] "GET /wp-content/plugins/elementor/assets/lib/eicons/css/elementor-icons.min.css?ver=5.50.0 HTTP/2" 200 4123 "https://dfw.party/balloon-twisting-balloon-animals-in-dallas-fort-worth/" "Mozilla/5.0 (Macintosh; Intel Mac OS X 10_15_7) AppleWebKit/605.1.15 (KHTML, like Gecko) Version/17.4 Safari/605.1.15 (Applebot/0.1; +http://www.apple.com/go/applebot)"
17.241.227.123 - - [18/Jul/2026:21:05:34 -0600] "GET /wp-content/themes/astra/assets/css/minified/main.min.css?ver=4.13.4 HTTP/2" 200 8375 "https://dfw.party/balloon-twisting-balloon-animals-in-dallas-fort-worth/" "Mozilla/5.0 (Macintosh; Intel Mac OS X 10_15_7) AppleWebKit/605.1.15 (KHTML, like Gecko) Version/17.4 Safari/605.1.15 (Applebot/0.1; +http://www.apple.com/go/applebot)"
17.241.227.123 - - [18/Jul/2026:21:05:36 -0600] "GET /wp-content/plugins/elementor/assets/css/widget-social-icons.min.css?ver=3.24.0 HTTP/2" 200 1039 "https://dfw.party/balloon-twisting-balloon-animals-in-dallas-fort-worth/" "Mozilla/5.0 (Macintosh; Intel Mac OS X 10_15_7) AppleWebKit/605.1.15 (KHTML, like Gecko) Version/17.4 Safari/605.1.15 (Applebot/0.1; +http://www.apple.com/go/applebot)"
17.241.227.123 - - [18/Jul/2026:21:05:37 -0600] "GET /wp-content/plugins/elementor/assets/lib/font-awesome/css/brands.css?ver=5.15.3 HTTP/2" 200 296 "https://dfw.party/balloon-twisting-balloon-animals-in-dallas-fort-worth/" "Mozilla/5.0 (Macintosh; Intel Mac OS X 10_15_7) AppleWebKit/605.1.15 (KHTML, like Gecko) Version/17.4 Safari/605.1.15 (Applebot/0.1; +http://www.apple.com/go/applebot)"
17.241.227.123 - - [18/Jul/2026:21:05:39 -0600] "GET /wp-content/plugins/elementor/assets/lib/font-awesome/css/fontawesome.css?ver=5.15.3 HTTP/2" 200 12526 "https://dfw.party/balloon-twisting-balloon-animals-in-dallas-fort-worth/" "Mozilla/5.0 (Macintosh; Intel Mac OS X 10_15_7) AppleWebKit/605.1.15 (KHTML, like Gecko) Version/17.4 Safari/605.1.15 (Applebot/0.1; +http://www.apple.com/go/applebot)"
17.241.227.123 - - [18/Jul/2026:21:05:40 -0600] "GET /wp-content/plugins/elementor/assets/lib/font-awesome/css/solid.css?ver=5.15.3 HTTP/2" 200 296 "https://dfw.party/balloon-twisting-balloon-animals-in-dallas-fort-worth/" "Mozilla/5.0 (Macintosh; Intel Mac OS X 10_15_7) AppleWebKit/605.1.15 (KHTML, like Gecko) Version/17.4 Safari/605.1.15 (Applebot/0.1; +http://www.apple.com/go/applebot)"
17.241.227.123 - - [18/Jul/2026:21:05:42 -0600] "GET /wp-content/plugins/elementor/assets/css/widget-image.min.css?ver=4.1.4 HTTP/2" 200 96 "https://dfw.party/balloon-twisting-balloon-animals-in-dallas-fort-worth/" "Mozilla/5.0 (Macintosh; Intel Mac OS X 10_15_7) AppleWebKit/605.1.15 (KHTML, like Gecko) Version/17.4 Safari/605.1.15 (Applebot/0.1; +http://www.apple.com/go/applebot)"
17.241.227.123 - - [18/Jul/2026:21:05:43 -0600] "GET /wp-content/plugins/elementor/assets/lib/animations/styles/rotateInUpLeft.min.css?ver=4.1.4 HTTP/2" 200 117 "https://dfw.party/balloon-twisting-balloon-animals-in-dallas-fort-worth/" "Mozilla/5.0 (Macintosh; Intel Mac OS X 10_15_7) AppleWebKit/605.1.15 (KHTML, like Gecko) Version/17.4 Safari/605.1.15 (Applebot/0.1; +http://www.apple.com/go/applebot)"
17.241.227.123 - - [18/Jul/2026:21:05:45 -0600] "GET /wp-content/uploads/elementor/css/post-866.css?ver=1782423682 HTTP/2" 200 402 "https://dfw.party/balloon-twisting-balloon-animals-in-dallas-fort-worth/" "Mozilla/5.0 (Macintosh; Intel Mac OS X 10_15_7) AppleWebKit/605.1.15 (KHTML, like Gecko) Version/17.4 Safari/605.1.15 (Applebot/0.1; +http://www.apple.com/go/applebot)"
17.241.227.123 - - [18/Jul/2026:21:05:46 -0600] "GET /wp-content/plugins/essential-addons-for-elementor-lite/assets/front-end/css/view/general.min.css?ver=6.6.9 HTTP/2" 200 1420 "https://dfw.party/balloon-twisting-balloon-animals-in-dallas-fort-worth/" "Mozilla/5.0 (Macintosh; Intel Mac OS X 10_15_7) AppleWebKit/605.1.15 (KHTML, like Gecko) Version/17.4 Safari/605.1.15 (Applebot/0.1; +http://www.apple.com/go/applebot)"
17.241.227.123 - - [18/Jul/2026:21:05:48 -0600] "GET /wp-content/uploads/elementor/google-fonts/css/roboto.css?ver=1742391196 HTTP/2" 200 1866 "https://dfw.party/balloon-twisting-balloon-animals-in-dallas-fort-worth/" "Mozilla/5.0 (Macintosh; Intel Mac OS X 10_15_7) AppleWebKit/605.1.15 (KHTML, like Gecko) Version/17.4 Safari/605.1.15 (Applebot/0.1; +http://www.apple.com/go/applebot)"
17.241.227.123 - - [18/Jul/2026:21:05:49 -0600] "GET /wp-content/uploads/elementor/google-fonts/css/robotoslab.css?ver=1742391202 HTTP/2" 200 700 "https://dfw.party/balloon-twisting-balloon-animals-in-dallas-fort-worth/" "Mozilla/5.0 (Macintosh; Intel Mac OS X 10_15_7) AppleWebKit/605.1.15 (KHTML, like Gecko) Version/17.4 Safari/605.1.15 (Applebot/0.1; +http://www.apple.com/go/applebot)"
17.241.227.123 - - [18/Jul/2026:21:05:51 -0600] "GET /wp-includes/js/jquery/jquery.min.js?ver=3.7.1 HTTP/2" 200 29744 "https://dfw.party/balloon-twisting-balloon-animals-in-dallas-fort-worth/" "Mozilla/5.0 (Macintosh; Intel Mac OS X 10_15_7) AppleWebKit/605.1.15 (KHTML, like Gecko) Version/17.4 Safari/605.1.15 (Applebot/0.1; +http://www.apple.com/go/applebot)"
17.241.227.123 - - [18/Jul/2026:21:05:52 -0600] "GET /wp-includes/js/jquery/jquery-migrate.min.js?ver=3.4.1 HTTP/2" 200 4678 "https://dfw.party/balloon-twisting-balloon-animals-in-dallas-fort-worth/" "Mozilla/5.0 (Macintosh; Intel Mac OS X 10_15_7) AppleWebKit/605.1.15 (KHTML, like Gecko) Version/17.4 Safari/605.1.15 (Applebot/0.1; +http://www.apple.com/go/applebot)"
17.241.227.123 - - [18/Jul/2026:21:05:54 -0600] "GET /wp-content/themes/astra/assets/js/minified/frontend.min.js?ver=4.13.4 HTTP/2" 200 5693 "https://dfw.party/balloon-twisting-balloon-animals-in-dallas-fort-worth/" "Mozilla/5.0 (Macintosh; Intel Mac OS X 10_15_7) AppleWebKit/605.1.15 (KHTML, like Gecko) Version/17.4 Safari/605.1.15 (Applebot/0.1; +http://www.apple.com/go/applebot)"
17.241.227.123 - - [18/Jul/2026:21:05:55 -0600] "GET /wp-content/uploads/astra-addon/astra-addon-6a3d21413f0462-10524613.js?ver=4.13.4 HTTP/2" 200 3191 "https://dfw.party/balloon-twisting-balloon-animals-in-dallas-fort-worth/" "Mozilla/5.0 (Macintosh; Intel Mac OS X 10_15_7) AppleWebKit/605.1.15 (KHTML, like Gecko) Version/17.4 Safari/605.1.15 (Applebot/0.1; +http://www.apple.com/go/applebot)"
17.241.227.123 - - [18/Jul/2026:21:05:57 -0600] "GET /wp-content/plugins/astra-addon/assets/js/minified/purify.min.js?ver=4.13.4 HTTP/2" 200 8451 "https://dfw.party/balloon-twisting-balloon-animals-in-dallas-fort-worth/" "Mozilla/5.0 (Macintosh; Intel Mac OS X 10_15_7) AppleWebKit/605.1.15 (KHTML, like Gecko) Version/17.4 Safari/605.1.15 (Applebot/0.1; +http://www.apple.com/go/applebot)"
17.241.227.123 - - [18/Jul/2026:21:05:58 -0600] "GET /wp-content/plugins/elementor/assets/js/webpack.runtime.min.js?ver=4.1.4 HTTP/2" 200 2338 "https://dfw.party/balloon-twisting-balloon-animals-in-dallas-fort-worth/" "Mozilla/5.0 (Macintosh; Intel Mac OS X 10_15_7) AppleWebKit/605.1.15 (KHTML, like Gecko) Version/17.4 Safari/605.1.15 (Applebot/0.1; +http://www.apple.com/go/applebot)"
17.241.227.123 - - [18/Jul/2026:21:06:00 -0600] "GET /wp-content/plugins/elementor/assets/js/frontend-modules.min.js?ver=4.1.4 HTTP/2" 200 15445 "https://dfw.party/balloon-twisting-balloon-animals-in-dallas-fort-worth/" "Mozilla/5.0 (Macintosh; Intel Mac OS X 10_15_7) AppleWebKit/605.1.15 (KHTML, like Gecko) Version/17.4 Safari/605.1.15 (Applebot/0.1; +http://www.apple.com/go/applebot)"
17.241.227.123 - - [18/Jul/2026:21:06:01 -0600] "GET /wp-includes/js/jquery/ui/core.min.js?ver=1.13.3 HTTP/2" 200 6812 "https://dfw.party/balloon-twisting-balloon-animals-in-dallas-fort-worth/" "Mozilla/5.0 (Macintosh; Intel Mac OS X 10_15_7) AppleWebKit/605.1.15 (KHTML, like Gecko) Version/17.4 Safari/605.1.15 (Applebot/0.1; +http://www.apple.com/go/applebot)"
17.241.227.123 - - [18/Jul/2026:21:06:03 -0600] "GET /wp-content/plugins/elementor/assets/js/frontend.min.js?ver=4.1.4 HTTP/2" 200 10124 "https://dfw.party/balloon-twisting-balloon-animals-in-dallas-fort-worth/" "Mozilla/5.0 (Macintosh; Intel Mac OS X 10_15_7) AppleWebKit/605.1.15 (KHTML, like Gecko) Version/17.4 Safari/605.1.15 (Applebot/0.1; +http://www.apple.com/go/applebot)"
17.241.227.123 - - [18/Jul/2026:21:06:04 -0600] "GET /wp-content/plugins/essential-addons-for-elementor-lite/assets/front-end/js/view/general.min.js?ver=6.6.9 HTTP/2" 200 3898 "https://dfw.party/balloon-twisting-balloon-animals-in-dallas-fort-worth/" "Mozilla/5.0 (Macintosh; Intel Mac OS X 10_15_7) AppleWebKit/605.1.15 (KHTML, like Gecko) Version/17.4 Safari/605.1.15 (Applebot/0.1; +http://www.apple.com/go/applebot)"
17.241.227.123 - - [18/Jul/2026:21:06:06 -0600] "GET /wp-content/plugins/akismet/_inc/akismet-frontend.js?ver=1782391088 HTTP/2" 200 3222 "https://dfw.party/balloon-twisting-balloon-animals-in-dallas-fort-worth/" "Mozilla/5.0 (Macintosh; Intel Mac OS X 10_15_7) AppleWebKit/605.1.15 (KHTML, like Gecko) Version/17.4 Safari/605.1.15 (Applebot/0.1; +http://www.apple.com/go/applebot)"
17.241.227.123 - - [18/Jul/2026:21:06:07 -0600] "GET /wp-content/plugins/elementor-pro/assets/js/webpack-pro.runtime.min.js?ver=4.1.2 HTTP/2" 200 2606 "https://dfw.party/balloon-twisting-balloon-animals-in-dallas-fort-worth/" "Mozilla/5.0 (Macintosh; Intel Mac OS X 10_15_7) AppleWebKit/605.1.15 (KHTML, like Gecko) Version/17.4 Safari/605.1.15 (Applebot/0.1; +http://www.apple.com/go/applebot)"
17.241.227.123 - - [18/Jul/2026:21:06:08 -0600] "GET /wp-includes/js/dist/hooks.min.js?ver=7496969728ca0f95732d HTTP/2" 200 1734 "https://dfw.party/balloon-twisting-balloon-animals-in-dallas-fort-worth/" "Mozilla/5.0 (Macintosh; Intel Mac OS X 10_15_7) AppleWebKit/605.1.15 (KHTML, like Gecko) Version/17.4 Safari/605.1.15 (Applebot/0.1; +http://www.apple.com/go/applebot)"
17.241.227.123 - - [18/Jul/2026:21:06:10 -0600] "GET /wp-includes/js/dist/i18n.min.js?ver=781d11515ad3d91786ec HTTP/2" 200 2354 "https://dfw.party/balloon-twisting-balloon-animals-in-dallas-fort-worth/" "Mozilla/5.0 (Macintosh; Intel Mac OS X 10_15_7) AppleWebKit/605.1.15 (KHTML, like Gecko) Version/17.4 Safari/605.1.15 (Applebot/0.1; +http://www.apple.com/go/applebot)"
17.241.227.123 - - [18/Jul/2026:21:06:11 -0600] "GET /wp-content/plugins/elementor-pro/assets/js/frontend.min.js?ver=4.1.2 HTTP/2" 200 6191 "https://dfw.party/balloon-twisting-balloon-animals-in-dallas-fort-worth/" "Mozilla/5.0 (Macintosh; Intel Mac OS X 10_15_7) AppleWebKit/605.1.15 (KHTML, like Gecko) Version/17.4 Safari/605.1.15 (Applebot/0.1; +http://www.apple.com/go/applebot)"
17.241.227.123 - - [18/Jul/2026:21:06:13 -0600] "GET /wp-content/plugins/elementor-pro/assets/js/elements-handlers.min.js?ver=4.1.2 HTTP/2" 200 10079 "https://dfw.party/balloon-twisting-balloon-animals-in-dallas-fort-worth/" "Mozilla/5.0 (Macintosh; Intel Mac OS X 10_15_7) AppleWebKit/605.1.15 (KHTML, like Gecko) Version/17.4 Safari/605.1.15 (Applebot/0.1; +http://www.apple.com/go/applebot)"
17.241.227.123 - - [18/Jul/2026:21:06:14 -0600] "GET /wp-content/plugins/elementor/assets/js/shared-frontend-handlers.03caa53373b56d3bab67.bundle.min.js HTTP/2" 200 2511 "https://dfw.party/balloon-twisting-balloon-animals-in-dallas-fort-worth/" "Mozilla/5.0 (Macintosh; Intel Mac OS X 10_15_7) AppleWebKit/605.1.15 (KHTML, like Gecko) Version/17.4 Safari/605.1.15 (Applebot/0.1; +http://www.apple.com/go/applebot)"
17.241.227.123 - - [18/Jul/2026:21:06:16 -0600] "GET /wp-content/plugins/elementor/assets/js/section-frontend-handlers.d85ab872da118940910d.bundle.min.js HTTP/2" 200 229 "https://dfw.party/balloon-twisting-balloon-animals-in-dallas-fort-worth/" "Mozilla/5.0 (Macintosh; Intel Mac OS X 10_15_7) AppleWebKit/605.1.15 (KHTML, like Gecko) Version/17.4 Safari/605.1.15 (Applebot/0.1; +http://www.apple.com/go/applebot)"
17.241.227.123 - - [18/Jul/2026:21:06:17 -0600] "GET /wp-content/plugins/elementor/assets/js/text-editor.45609661e409413f1cef.bundle.min.js HTTP/2" 200 592 "https://dfw.party/balloon-twisting-balloon-animals-in-dallas-fort-worth/" "Mozilla/5.0 (Macintosh; Intel Mac OS X 10_15_7) AppleWebKit/605.1.15 (KHTML, like Gecko) Version/17.4 Safari/605.1.15 (Applebot/0.1; +http://www.apple.com/go/applebot)"
172.234.175.60 - - [18/Jul/2026:21:01:41 -0600] "POST /wp-login.php HTTP/1.1" 200 2462 "-" "Mozilla/5.0 (X11; Linux x86_64) AppleWebKit/537.36 (KHTML, like Gecko) Chrome/129.0.0.0 Safari/537.36"
17.246.19.95 - - [18/Jul/2026:21:36:41 -0600] "GET /wp-content/plugins/elementor/assets/css/widget-image.min.css?ver=4.1.4 HTTP/2" 200 96 "https://dfw.party/dfw-party-provides-childrens-entertainers-for-grapevine-texas/" "Mozilla/5.0 (Macintosh; Intel Mac OS X 10_15_7) AppleWebKit/605.1.15 (KHTML, like Gecko) Version/17.4 Safari/605.1.15 (Applebot/0.1; +http://www.apple.com/go/applebot)"
17.246.23.12 - - [18/Jul/2026:21:32:10 -0600] "GET /dfw-party-provides-childrens-entertainers-for-grapevine-texas/ HTTP/2" 200 35910 "-" "Mozilla/5.0 (Macintosh; Intel Mac OS X 10_15_7) AppleWebKit/605.1.15 (KHTML, like Gecko) Version/17.4 Safari/605.1.15 (Applebot/0.1; +http://www.apple.com/go/applebot)"
216.73.216.36 - - [18/Jul/2026:21:34:06 -0600] "GET /robots.txt HTTP/2" 200 90 "-" "Mozilla/5.0 AppleWebKit/537.36 (KHTML, like Gecko; compatible; ClaudeBot/1.0; +claudebot@anthropic.com)"
43.134.100.175 - - [18/Jul/2026:21:18:37 -0600] "GET / HTTP/1.1" 200 28283 "http://dfw.party" "Mozilla/5.0 (iPhone; CPU iPhone OS 13_2_3 like Mac OS X) AppleWebKit/605.1.15 (KHTML, like Gecko) Version/13.0.3 Mobile/15E148 Safari/604.1"
17.246.19.94 - - [18/Jul/2026:21:36:43 -0600] "GET /wp-content/uploads/elementor/css/post-1348.css?ver=1782629966 HTTP/2" 200 172 "https://dfw.party/dfw-party-provides-childrens-entertainers-for-grapevine-texas/" "Mozilla/5.0 (Macintosh; Intel Mac OS X 10_15_7) AppleWebKit/605.1.15 (KHTML, like Gecko) Version/17.4 Safari/605.1.15 (Applebot/0.1; +http://www.apple.com/go/applebot)"
98.98.171.66 - - [18/Jul/2026:22:11:56 -0600] "POST /wp-login.php HTTP/1.1" 200 2462 "-" "Mozilla/5.0 (Macintosh; Intel Mac OS X 10_15_7) AppleWebKit/605.1.15 (KHTML, like Gecko) Version/17.0 Safari/605.1.15"
43.166.255.102 - - [18/Jul/2026:22:02:30 -0600] "GET / HTTP/1.1" 200 28283 "http://www.dfw.party" "Mozilla/5.0 (iPhone; CPU iPhone OS 13_2_3 like Mac OS X) AppleWebKit/605.1.15 (KHTML, like Gecko) Version/13.0.3 Mobile/15E148 Safari/604.1"
122.161.53.42 - - [18/Jul/2026:22:17:18 -0600] "GET /dfw-party-provides-childrens-entertainers-for-lewisville-tx/ HTTP/1.1" 403 72 "-" "Mozilla/5.0 (Windows NT 10.0; Win64; x64) AppleWebKit/537.36 (KHTML, like Gecko) Chrome/127.0.6533.17 Safari/537.36"
216.73.216.139 - - [18/Jul/2026:22:32:53 -0600] "GET /wp-sitemap.xml HTTP/2" 200 188 "-" "Mozilla/5.0 AppleWebKit/537.36 (KHTML, like Gecko; compatible; ClaudeBot/1.0; +claudebot@anthropic.com)"
2a06:98c0:3600::103 - - [18/Jul/2026:22:22:15 -0600] "GET / HTTP/1.1" 200 17051 "-" "Mozilla/5.0 (Macintosh; Intel Mac OS X 10_15_7) AppleWebKit/537.36 (KHTML, like Gecko) Chrome/147.0.0.0 Safari/537.36 CloudflareWebScanner/1.0"
216.73.216.139 - - [18/Jul/2026:22:43:48 -0600] "GET /robots.txt HTTP/2" 200 90 "-" "Mozilla/5.0 AppleWebKit/537.36 (KHTML, like Gecko; compatible; ClaudeBot/1.0; +claudebot@anthropic.com)"
216.73.216.139 - - [18/Jul/2026:22:59:05 -0600] "GET /dfw-party-the-best-childrens-entertainers-in-dallas-texas/feed/ HTTP/2" 200 464 "-" "Mozilla/5.0 AppleWebKit/537.36 (KHTML, like Gecko; compatible; ClaudeBot/1.0; +claudebot@anthropic.com)"
158.46.220.149 - - [18/Jul/2026:23:02:06 -0600] "GET / HTTP/1.1" 301 0 "-" "Mozilla/5.0 (compatible; MentoDomainAudit/1.0; +https://mento.vc)"
91.242.215.76 - - [18/Jul/2026:22:47:49 -0600] "POST /wp-login.php HTTP/1.1" 200 2462 "-" "Mozilla/5.0 (Macintosh; Intel Mac OS X 10_15_7) AppleWebKit/605.1.15 (KHTML, like Gecko) Version/17.0 Safari/605.1.15"
49.234.192.248 - - [18/Jul/2026:23:10:16 -0600] "GET / HTTP/1.1" 200 28283 "http://www.dfw.party" "Mozilla/5.0 (iPhone; CPU iPhone OS 13_2_3 like Mac OS X) AppleWebKit/605.1.15 (KHTML, like Gecko) Version/13.0.3 Mobile/15E148 Safari/604.1"
17.22.253.244 - - [18/Jul/2026:23:13:37 -0600] "GET /santa-dallas/feed/ HTTP/2" 200 441 "-" "Mozilla/5.0 (Macintosh; Intel Mac OS X 10_15_7) AppleWebKit/605.1.15 (KHTML, like Gecko) Version/17.4 Safari/605.1.15 (Applebot/0.1; +http://www.apple.com/go/applebot)"
185.191.171.9 - - [18/Jul/2026:23:17:21 -0600] "GET /robots.txt HTTP/1.1" 200 107 "-" "Mozilla/5.0 (compatible; SemrushBot/7~bl; +http://www.semrush.com/bot.html)"
85.208.96.199 - - [18/Jul/2026:23:17:24 -0600] "GET /category/uncategorized/ HTTP/1.1" 200 27707 "-" "Mozilla/5.0 (compatible; SemrushBot/7~bl; +http://www.semrush.com/bot.html)"
85.208.96.199 - - [18/Jul/2026:23:29:43 -0600] "GET /embassy-suites-by-hilton-dallas-dfw-airport-south/ HTTP/1.1" 200 33282 "-" "Mozilla/5.0 (compatible; SemrushBot/7~bl; +http://www.semrush.com/bot.html)"
34.73.73.46 - - [18/Jul/2026:23:24:42 -0600] "POST /xmlrpc.php HTTP/1.1" 200 210 "-" "Mozilla/5.0 (Windows NT 10.0; Win64; x64) AppleWebKit/537.36 (KHTML, like Gecko) Chrome/138.0.0.0 Safari/537.36"
20.238.240.42 - - [18/Jul/2026:23:31:34 -0600] "POST /xmlrpc.php HTTP/1.1" 200 210 "-" "Mozilla/5.0 (Windows NT 10.0; WOW64) AppleWebKit/537.36 (KHTML, like Gecko) Chrome/138.0.0.0 Safari/537.36 Edg/138.0.0.0"
85.208.96.210 - - [18/Jul/2026:23:43:36 -0600] "GET /2022/09/page/5/ HTTP/1.1" 200 28946 "-" "Mozilla/5.0 (compatible; SemrushBot/7~bl; +http://www.semrush.com/bot.html)"
52.167.144.219 - - [18/Jul/2026:23:49:31 -0600] "GET /wp-content/uploads/2022/09/belo-1024x435.jpg HTTP/2" 200 77769 "-" "Mozilla/5.0 AppleWebKit/537.36 (KHTML, like Gecko; compatible; bingbot/2.0; +http://www.bing.com/bingbot.htm) Chrome/116.0.1938.76 Safari/537.36"
40.77.167.23 - - [18/Jul/2026:23:51:16 -0600] "GET /wp-sitemap-posts-post-1.xml HTTP/2" 200 1899 "-" "Mozilla/5.0 AppleWebKit/537.36 (KHTML, like Gecko; compatible; bingbot/2.0; +http://www.bing.com/bingbot.htm) Chrome/116.0.1938.76 Safari/537.36"
193.29.107.150 - - [18/Jul/2026:23:52:58 -0600] "POST /wp-login.php HTTP/1.1" 200 2462 "-" "Mozilla/5.0 (Macintosh; Intel Mac OS X 10_15_7) AppleWebKit/605.1.15 (KHTML, like Gecko) Version/17.0 Safari/605.1.15"
77.75.78.164 - - [19/Jul/2026:00:12:15 -0600] "GET /basera-indian-cuisine/ HTTP/1.1" 200 33128 "-" "Mozilla/5.0 (compatible; SeznamBot/4.0; +https://o-seznam.cz/napoveda/vyhledavani/en/seznambot-crawler/)"
77.75.78.164 - - [19/Jul/2026:00:25:22 -0600] "GET /arlington-park-recreation-center/ HTTP/1.1" 200 34404 "-" "Mozilla/5.0 (compatible; SeznamBot/4.0; +https://o-seznam.cz/napoveda/vyhledavani/en/seznambot-crawler/)"
77.75.78.164 - - [19/Jul/2026:00:25:32 -0600] "GET /crowne-plaza-dallas-downtown/ HTTP/1.1" 200 32976 "-" "Mozilla/5.0 (compatible; SeznamBot/4.0; +https://o-seznam.cz/napoveda/vyhledavani/en/seznambot-crawler/)"
77.75.78.164 - - [19/Jul/2026:00:26:32 -0600] "GET /magnolia-hotel-dallas-park-cities/ HTTP/1.1" 200 33097 "-" "Mozilla/5.0 (compatible; SeznamBot/4.0; +https://o-seznam.cz/napoveda/vyhledavani/en/seznambot-crawler/)"
77.75.78.164 - - [19/Jul/2026:00:32:32 -0600] "GET /beckley-heights-park/ HTTP/1.1" 200 34192 "-" "Mozilla/5.0 (compatible; SeznamBot/4.0; +https://o-seznam.cz/napoveda/vyhledavani/en/seznambot-crawler/)"
138.201.36.87 - - [19/Jul/2026:00:57:56 -0600] "GET /category/entertainers/ HTTP/1.1" 200 24805 "-" "serpstatbot/2.1 (advanced backlink tracking bot; https://serpstatbot.com/; abuse@serpstatbot.com)"
138.201.36.87 - - [19/Jul/2026:00:58:38 -0600] "GET /dfw-party-provides-childrens-entertainers-for-greenville-texas/ HTTP/1.1" 200 35864 "-" "serpstatbot/2.1 (advanced backlink tracking bot; https://serpstatbot.com/; abuse@serpstatbot.com)"
138.201.36.87 - - [19/Jul/2026:00:58:47 -0600] "GET /dfw-party-provides-childrens-entertainers-for-flower-mound-texas/ HTTP/1.1" 200 35843 "-" "serpstatbot/2.1 (advanced backlink tracking bot; https://serpstatbot.com/; abuse@serpstatbot.com)"
104.64.152.206 - - [19/Jul/2026:00:58:49 -0600] "POST /wp-login.php HTTP/1.1" 200 2462 "-" "Mozilla/5.0 (Macintosh; Intel Mac OS X 10_15_7) AppleWebKit/605.1.15 (KHTML, like Gecko) Version/17.0 Safari/605.1.15"
138.201.36.87 - - [19/Jul/2026:00:59:11 -0600] "GET /prices-availability/ HTTP/1.1" 200 62228 "-" "serpstatbot/2.1 (advanced backlink tracking bot; https://serpstatbot.com/; abuse@serpstatbot.com)"
77.75.76.169 - - [19/Jul/2026:01:16:17 -0600] "GET /hyatt-place-dallas-arlington/ HTTP/1.1" 200 33352 "-" "Mozilla/5.0 (compatible; SeznamBot/4.0; +https://o-seznam.cz/napoveda/vyhledavani/en/seznambot-crawler/)"
2a06:98c0:3600::103 - - [19/Jul/2026:01:24:13 -0600] "GET / HTTP/1.1" 200 17051 "-" "Mozilla/5.0 (Macintosh; Intel Mac OS X 10_15_7) AppleWebKit/537.36 (KHTML, like Gecko) Chrome/147.0.0.0 Safari/537.36 CloudflareWebScanner/1.0"
34.172.11.183 - - [19/Jul/2026:01:25:42 -0600] "GET /category/entertainers HTTP/1.1" 301 0 "https://www.google.com/" "Mozilla/5.0 (Windows NT 10.0; Win64; x64) AppleWebKit/537.36 (KHTML, like Gecko) Chrome/120.0.0.0 Safari/537.36"
34.172.11.183 - - [19/Jul/2026:01:25:44 -0600] "GET /category/entertainers/ HTTP/1.1" 200 24805 "https://www.google.com/" "Mozilla/5.0 (Windows NT 10.0; Win64; x64) AppleWebKit/537.36 (KHTML, like Gecko) Chrome/120.0.0.0 Safari/537.36"
34.28.59.96 - - [19/Jul/2026:01:26:23 -0600] "GET /wp-json/wp/v2/posts HTTP/1.1" 200 149295 "-" "-"
34.28.59.96 - - [19/Jul/2026:01:26:34 -0600] "GET /wp-content/themes/astra/assets/css/minified/main.min.css?ver=4.13.4 HTTP/1.1" 200 8666 "https://dfw.party/" "Mozilla/5.0 (Windows NT 5.1; rv:17.0) Gecko/20100101 Firefox/17.0"
34.28.59.96 - - [19/Jul/2026:01:26:34 -0600] "GET /wp-content/uploads/astra-addon/astra-addon-6a3d21413e8636-52792656.css?ver=4.13.4 HTTP/1.1" 200 2637 "https://dfw.party/" "Mozilla/5.0 (Windows NT 5.1; rv:17.0) Gecko/20100101 Firefox/17.0"
34.28.59.96 - - [19/Jul/2026:01:26:34 -0600] "GET /wp-content/plugins/ultimate-elementor/assets/min-css/uael-frontend.min.css?ver=1.45.0 HTTP/1.1" 200 80383 "https://dfw.party/" "Mozilla/5.0 (Windows NT 5.1; rv:17.0) Gecko/20100101 Firefox/17.0"
77.75.78.164 - - [19/Jul/2026:00:06:12 -0600] "GET /robots.txt HTTP/1.1" 200 107 "-" "Mozilla/5.0 (compatible; SeznamBot/4.0; +https://o-seznam.cz/napoveda/vyhledavani/en/seznambot-crawler/)"
77.75.78.164 - - [19/Jul/2026:00:06:12 -0600] "GET /bentwood-park/ HTTP/1.1" 200 0 "-" "Mozilla/5.0 (compatible; SeznamBot/4.0; +https://o-seznam.cz/napoveda/vyhledavani/en/seznambot-crawler/)"
77.75.78.164 - - [19/Jul/2026:00:13:24 -0600] "GET /hotel-indigo-dallas-downtown/ HTTP/1.1" 200 33054 "-" "Mozilla/5.0 (compatible; SeznamBot/4.0; +https://o-seznam.cz/napoveda/vyhledavani/en/seznambot-crawler/)"
216.73.216.139 - - [19/Jul/2026:00:18:20 -0600] "GET /wp-sitemap.xml HTTP/2" 200 188 "-" "Mozilla/5.0 AppleWebKit/537.36 (KHTML, like Gecko; compatible; ClaudeBot/1.0; +claudebot@anthropic.com)"
77.75.78.164 - - [19/Jul/2026:00:23:23 -0600] "GET /klyde-warren-park/ HTTP/1.1" 200 33125 "-" "Mozilla/5.0 (compatible; SeznamBot/4.0; +https://o-seznam.cz/napoveda/vyhledavani/en/seznambot-crawler/)"
23.98.148.92 - - [19/Jul/2026:00:29:18 -0600] "POST /xmlrpc.php HTTP/1.1" 200 210 "-" "Mozilla/5.0 (Windows NT 10.0; Win64; x64; rv:143.0) Gecko/20100101 Firefox/143.0"
77.75.78.164 - - [19/Jul/2026:00:29:28 -0600] "GET /boot-hill/ HTTP/1.1" 200 33084 "-" "Mozilla/5.0 (compatible; SeznamBot/4.0; +https://o-seznam.cz/napoveda/vyhledavani/en/seznambot-crawler/)"
77.75.78.164 - - [19/Jul/2026:00:33:14 -0600] "GET /category/kids/ HTTP/1.1" 200 26658 "-" "Mozilla/5.0 (compatible; SeznamBot/4.0; +https://o-seznam.cz/napoveda/vyhledavani/en/seznambot-crawler/)"
185.191.171.1 - - [19/Jul/2026:00:44:45 -0600] "GET /robots.txt HTTP/1.1" 200 107 "-" "Mozilla/5.0 (compatible; SemrushBot/7~bl; +http://www.semrush.com/bot.html)"
35.153.221.203 - - [19/Jul/2026:00:46:21 -0600] "GET /robots.txt HTTP/1.1" 200 107 "-" "Mozilla/5.0 (Macintosh; Intel Mac OS X 10_10_1) AppleWebKit/600.2.5 (KHTML, like Gecko) Version/8.0.2 Safari/600.2.5 (Gort)"
138.201.36.87 - - [19/Jul/2026:00:58:56 -0600] "GET /dfw-party-provides-childrens-entertainers-for-farmers-branch-texas/ HTTP/1.1" 200 36079 "-" "serpstatbot/2.1 (advanced backlink tracking bot; https://serpstatbot.com/; abuse@serpstatbot.com)"
138.201.36.87 - - [19/Jul/2026:00:59:03 -0600] "GET /category/venues/ HTTP/1.1" 200 28611 "-" "serpstatbot/2.1 (advanced backlink tracking bot; https://serpstatbot.com/; abuse@serpstatbot.com)"
138.201.36.87 - - [19/Jul/2026:00:59:20 -0600] "GET /dfw-party-provides-childrens-entertainers-for-desoto-texas/ HTTP/1.1" 200 35961 "-" "serpstatbot/2.1 (advanced backlink tracking bot; https://serpstatbot.com/; abuse@serpstatbot.com)"
43.157.82.252 - - [19/Jul/2026:01:05:05 -0600] "GET / HTTP/1.1" 200 28283 "http://dfw.party" "Mozilla/5.0 (iPhone; CPU iPhone OS 13_2_3 like Mac OS X) AppleWebKit/605.1.15 (KHTML, like Gecko) Version/13.0.3 Mobile/15E148 Safari/604.1"
137.184.95.226 - - [19/Jul/2026:01:12:01 -0600] "GET / HTTP/1.1" 200 18499 "-" "Mozilla/5.0 (X11; Linux x86_64) AppleWebKit/537.36 (KHTML, like Gecko) Chrome/142.0.0.0 Safari/537.36"
77.75.76.169 - - [19/Jul/2026:01:22:29 -0600] "GET /frontiers-of-flight-museum/ HTTP/1.1" 200 33317 "-" "Mozilla/5.0 (compatible; SeznamBot/4.0; +https://o-seznam.cz/napoveda/vyhledavani/en/seznambot-crawler/)"
34.28.59.96 - - [19/Jul/2026:01:26:24 -0600] "GET /robots.txt HTTP/1.1" 200 107 "-" "Mozilla/5.0 (Windows NT 6.1; rv:2.0) Gecko/20100101 Firefox/4.0"
34.28.59.96 - - [19/Jul/2026:01:26:34 -0600] "GET /wp-content/plugins/elementor/assets/css/frontend.min.css?ver=4.1.4 HTTP/1.1" 200 7269 "https://dfw.party/" "Mozilla/5.0 (Windows NT 5.1; rv:17.0) Gecko/20100101 Firefox/17.0"
34.28.59.96 - - [19/Jul/2026:01:26:34 -0600] "GET /wp-content/plugins/elementor/assets/lib/font-awesome/css/brands.css?ver=5.15.3 HTTP/1.1" 200 325 "https://dfw.party/" "Mozilla/5.0 (Windows NT 5.1; rv:17.0) Gecko/20100101 Firefox/17.0"
34.28.59.96 - - [19/Jul/2026:01:26:34 -0600] "GET /wp-content/plugins/elementor/assets/lib/animations/styles/rotateIn.min.css?ver=4.1.4 HTTP/1.1" 200 180 "https://dfw.party/" "Mozilla/5.0 (Windows NT 5.1; rv:17.0) Gecko/20100101 Firefox/17.0"
216.73.216.139 - - [19/Jul/2026:00:09:28 -0600] "GET /robots.txt HTTP/2" 200 90 "-" "Mozilla/5.0 AppleWebKit/537.36 (KHTML, like Gecko; compatible; ClaudeBot/1.0; +claudebot@anthropic.com)"
34.73.73.46 - - [19/Jul/2026:00:14:30 -0600] "POST /xmlrpc.php HTTP/1.1" 200 210 "-" "Mozilla/5.0 (Windows NT 10.0; Win64; x64) AppleWebKit/537.36 (KHTML, like Gecko) Chrome/137.0.0.0 Safari/537.36 Edg/137.0.0.0"
77.75.78.164 - - [19/Jul/2026:00:20:29 -0600] "GET /omni-fort-worth-hotel/ HTTP/1.1" 200 33206 "-" "Mozilla/5.0 (compatible; SeznamBot/4.0; +https://o-seznam.cz/napoveda/vyhledavani/en/seznambot-crawler/)"
138.201.36.87 - - [19/Jul/2026:00:24:07 -0600] "GET /robots.txt HTTP/1.1" 200 107 "-" "serpstatbot/2.1 (advanced backlink tracking bot; https://serpstatbot.com/; abuse@serpstatbot.com)"
138.201.36.87 - - [19/Jul/2026:00:24:10 -0600] "GET / HTTP/1.1" 200 28289 "-" "serpstatbot/2.1 (advanced backlink tracking bot; https://serpstatbot.com/; abuse@serpstatbot.com)"
77.75.78.164 - - [19/Jul/2026:00:24:30 -0600] "GET /prices-availability/ HTTP/1.1" 200 62225 "-" "Mozilla/5.0 (compatible; SeznamBot/4.0; +https://o-seznam.cz/napoveda/vyhledavani/en/seznambot-crawler/)"
85.208.96.203 - - [19/Jul/2026:00:44:47 -0600] "GET /category/venues/page/6/ HTTP/1.1" 200 27762 "-" "Mozilla/5.0 (compatible; SemrushBot/7~bl; +http://www.semrush.com/bot.html)"
138.201.36.87 - - [19/Jul/2026:00:57:41 -0600] "GET /category/uncategorized/ HTTP/1.1" 200 27707 "-" "serpstatbot/2.1 (advanced backlink tracking bot; https://serpstatbot.com/; abuse@serpstatbot.com)"
138.201.36.87 - - [19/Jul/2026:00:58:07 -0600] "GET / HTTP/1.1" 200 28289 "-" "serpstatbot/2.1 (advanced backlink tracking bot; https://serpstatbot.com/; abuse@serpstatbot.com)"
77.75.76.169 - - [19/Jul/2026:01:19:16 -0600] "GET /hyatt-place-dallas-north-galleria/ HTTP/1.1" 200 33069 "-" "Mozilla/5.0 (compatible; SeznamBot/4.0; +https://o-seznam.cz/napoveda/vyhledavani/en/seznambot-crawler/)"
34.28.59.96 - - [19/Jul/2026:01:25:06 -0600] "GET / HTTP/1.0" 200 89870 "-" "-"
34.28.59.96 - - [19/Jul/2026:01:25:19 -0600] "GET / HTTP/1.1" 200 129925 "-" "-"
34.9.8.254 - - [19/Jul/2026:01:25:40 -0600] "GET /category/uncategorized HTTP/1.1" 301 0 "https://www.google.com/" "Mozilla/5.0 (Windows NT 10.0; Win64; x64) AppleWebKit/537.36 (KHTML, like Gecko) Chrome/120.0.0.0 Safari/537.36"
34.9.8.254 - - [19/Jul/2026:01:25:43 -0600] "GET /category/uncategorized/ HTTP/1.1" 200 27707 "https://www.google.com/" "Mozilla/5.0 (Windows NT 10.0; Win64; x64) AppleWebKit/537.36 (KHTML, like Gecko) Chrome/120.0.0.0 Safari/537.36"
34.28.59.96 - - [19/Jul/2026:01:26:24 -0600] "GET /robots.txt HTTP/1.0" 200 110 "-" "-"
34.28.59.96 - - [19/Jul/2026:01:26:24 -0600] "GET //sitemap.html HTTP/1.0" 301 0 "-" "-"
34.28.59.96 - - [19/Jul/2026:01:26:34 -0600] "GET /wp-content/plugins/elementor/assets/lib/eicons/css/elementor-icons.min.css?ver=5.50.0 HTTP/1.1" 200 4449 "https://dfw.party/" "Mozilla/5.0 (Windows NT 5.1; rv:17.0) Gecko/20100101 Firefox/17.0"
34.28.59.96 - - [19/Jul/2026:01:26:34 -0600] "GET /wp-content/plugins/elementor/assets/lib/font-awesome/css/fontawesome.css?ver=5.15.3 HTTP/1.1" 200 13094 "https://dfw.party/" "Mozilla/5.0 (Windows NT 5.1; rv:17.0) Gecko/20100101 Firefox/17.0"
34.28.59.96 - - [19/Jul/2026:01:26:34 -0600] "GET /wp-content/plugins/elementor/assets/css/widget-image.min.css?ver=4.1.4 HTTP/1.1" 200 134 "https://dfw.party/" "Mozilla/5.0 (Windows NT 5.1; rv:17.0) Gecko/20100101 Firefox/17.0"
34.28.59.96 - - [19/Jul/2026:01:26:34 -0600] "GET /wp-content/uploads/elementor/google-fonts/css/robotoslab.css?ver=1742391202 HTTP/1.1" 200 915 "https://dfw.party/" "Mozilla/5.0 (Windows NT 5.1; rv:17.0) Gecko/20100101 Firefox/17.0"
34.28.59.96 - - [19/Jul/2026:01:26:34 -0600] "GET /wp-content/uploads/2025/03/DFW-Party.jpg HTTP/1.1" 200 81448 "https://dfw.party/" "Mozilla/5.0 (Windows NT 5.1; rv:17.0) Gecko/20100101 Firefox/17.0"
77.75.78.164 - - [19/Jul/2026:00:16:26 -0600] "GET /addison-conference-centre/ HTTP/1.1" 200 33069 "-" "Mozilla/5.0 (compatible; SeznamBot/4.0; +https://o-seznam.cz/napoveda/vyhledavani/en/seznambot-crawler/)"
77.75.78.164 - - [19/Jul/2026:00:21:28 -0600] "GET /embassy-suites-by-hilton-dallas-dfw-airport-south/ HTTP/1.1" 200 33282 "-" "Mozilla/5.0 (compatible; SeznamBot/4.0; +https://o-seznam.cz/napoveda/vyhledavani/en/seznambot-crawler/)"
77.75.78.164 - - [19/Jul/2026:00:30:13 -0600] "GET /embassy-suites-dallas-frisco/ HTTP/1.1" 200 33112 "-" "Mozilla/5.0 (compatible; SeznamBot/4.0; +https://o-seznam.cz/napoveda/vyhledavani/en/seznambot-crawler/)"
138.201.36.87 - - [19/Jul/2026:00:58:18 -0600] "GET /dfw-party-provides-childrens-entertainers-for-cedar-hill-texas/ HTTP/1.1" 200 35901 "-" "serpstatbot/2.1 (advanced backlink tracking bot; https://serpstatbot.com/; abuse@serpstatbot.com)"
138.201.36.87 - - [19/Jul/2026:00:58:27 -0600] "GET /dfw-party-provides-childrens-entertainers-for-wylie-texas/ HTTP/1.1" 200 35803 "-" "serpstatbot/2.1 (advanced backlink tracking bot; https://serpstatbot.com/; abuse@serpstatbot.com)"
3.14.209.70 - - [19/Jul/2026:01:03:51 -0600] "POST /xmlrpc.php HTTP/1.1" 200 210 "-" "Mozilla/5.0 (Windows NT 10.0; rv:140.0) Gecko/20100101 Firefox/140.0"
34.28.59.96 - - [19/Jul/2026:01:25:14 -0600] "GET / HTTP/1.1" 200 28289 "http://dfw.party/" "Mozilla/5.0 (Windows NT 6.1; rv:2.0) Gecko/20100101 Firefox/4.0"
34.28.59.96 - - [19/Jul/2026:01:25:30 -0600] "GET / HTTP/1.1" 200 28289 "https://www.google.com/" "Mozilla/5.0 (Windows NT 10.0; Win64; x64) AppleWebKit/537.36 (KHTML, like Gecko) Chrome/120.0.0.0 Safari/537.36"
104.197.39.41 - - [19/Jul/2026:01:25:39 -0600] "GET /category/venues HTTP/1.1" 301 0 "https://www.google.com/" "Mozilla/5.0 (Windows NT 10.0; Win64; x64) AppleWebKit/537.36 (KHTML, like Gecko) Chrome/120.0.0.0 Safari/537.36"
104.197.39.41 - - [19/Jul/2026:01:25:40 -0600] "GET /category/venues/ HTTP/1.1" 200 28611 "https://www.google.com/" "Mozilla/5.0 (Windows NT 10.0; Win64; x64) AppleWebKit/537.36 (KHTML, like Gecko) Chrome/120.0.0.0 Safari/537.36"
34.28.59.96 - - [19/Jul/2026:01:26:21 -0600] "GET / HTTP/1.0" 200 129925 "-" "-"
34.28.59.96 - - [19/Jul/2026:01:26:25 -0600] "GET / HTTP/1.1" 301 0 "-" "Mozilla/5.0 (Windows NT 6.1; rv:2.0) Gecko/20100101 Firefox/4.0"
34.28.59.96 - - [19/Jul/2026:01:26:34 -0600] "GET /wp-content/uploads/elementor/css/post-17.css?ver=1782391281 HTTP/1.1" 200 409 "https://dfw.party/" "Mozilla/5.0 (Windows NT 5.1; rv:17.0) Gecko/20100101 Firefox/17.0"
34.28.59.96 - - [19/Jul/2026:01:26:34 -0600] "GET /wp-content/plugins/elementor/assets/lib/font-awesome/css/solid.css?ver=5.15.3 HTTP/1.1" 200 327 "https://dfw.party/" "Mozilla/5.0 (Windows NT 5.1; rv:17.0) Gecko/20100101 Firefox/17.0"
34.28.59.96 - - [19/Jul/2026:01:26:34 -0600] "GET /wp-content/uploads/elementor/css/post-542.css?ver=1782391287 HTTP/1.1" 200 1370 "https://dfw.party/" "Mozilla/5.0 (Windows NT 5.1; rv:17.0) Gecko/20100101 Firefox/17.0"
34.28.59.96 - - [19/Jul/2026:01:26:34 -0600] "GET /wp-includes/js/jquery/jquery.min.js?ver=3.7.1 HTTP/1.1" 200 30412 "https://dfw.party/" "Mozilla/5.0 (Windows NT 5.1; rv:17.0) Gecko/20100101 Firefox/17.0"
34.28.59.96 - - [19/Jul/2026:01:26:35 -0600] "GET /wp-content/plugins/ultimate-elementor/assets/lib/slick/slick.min.js?ver=1.45.0 HTTP/1.1" 200 10655 "https://dfw.party/" "Mozilla/5.0 (Windows NT 5.1; rv:17.0) Gecko/20100101 Firefox/17.0"
34.28.59.96 - - [19/Jul/2026:01:26:35 -0600] "GET /wp-includes/js/jquery/ui/core.min.js?ver=1.13.3 HTTP/1.1" 200 7104 "https://dfw.party/" "Mozilla/5.0 (Windows NT 5.1; rv:17.0) Gecko/20100101 Firefox/17.0"
34.28.59.96 - - [19/Jul/2026:01:26:25 -0600] "GET / HTTP/1.1" 200 28289 "-" "Mozilla/5.0 (Windows NT 5.1; rv:17.0) Gecko/20100101 Firefox/17.0"
34.28.59.96 - - [19/Jul/2026:01:26:35 -0600] "GET /wp-content/plugins/elementor/assets/js/frontend.min.js?ver=4.1.4 HTTP/1.1" 200 10435 "https://dfw.party/" "Mozilla/5.0 (Windows NT 5.1; rv:17.0) Gecko/20100101 Firefox/17.0"
34.28.59.96 - - [19/Jul/2026:01:26:34 -0600] "GET /wp-content/plugins/elementor/assets/css/widget-social-icons.min.css?ver=3.24.0 HTTP/1.1" 200 1130 "https://dfw.party/" "Mozilla/5.0 (Windows NT 5.1; rv:17.0) Gecko/20100101 Firefox/17.0"
34.28.59.96 - - [19/Jul/2026:01:26:34 -0600] "GET /wp-content/plugins/essential-addons-for-elementor-lite/assets/front-end/css/view/general.min.css?ver=6.6.9 HTTP/1.1" 200 1581 "https://dfw.party/" "Mozilla/5.0 (Windows NT 5.1; rv:17.0) Gecko/20100101 Firefox/17.0"
34.28.59.96 - - [19/Jul/2026:01:26:34 -0600] "GET /wp-includes/js/jquery/jquery-migrate.min.js?ver=3.4.1 HTTP/1.1" 200 4870 "https://dfw.party/" "Mozilla/5.0 (Windows NT 5.1; rv:17.0) Gecko/20100101 Firefox/17.0"
34.28.59.96 - - [19/Jul/2026:01:26:35 -0600] "GET /wp-content/themes/astra/assets/js/minified/frontend.min.js?ver=4.13.4 HTTP/1.1" 200 5978 "https://dfw.party/" "Mozilla/5.0 (Windows NT 5.1; rv:17.0) Gecko/20100101 Firefox/17.0"
34.28.59.96 - - [19/Jul/2026:01:26:35 -0600] "GET /wp-includes/js/imagesloaded.min.js?ver=5.0.0 HTTP/1.1" 200 1801 "https://dfw.party/" "Mozilla/5.0 (Windows NT 5.1; rv:17.0) Gecko/20100101 Firefox/17.0"
34.28.59.96 - - [19/Jul/2026:01:26:35 -0600] "GET /wp-content/plugins/ultimate-elementor/assets/lib/isotope/isotope.min.js?ver=1.45.0 HTTP/1.1" 200 10118 "https://dfw.party/" "Mozilla/5.0 (Windows NT 5.1; rv:17.0) Gecko/20100101 Firefox/17.0"
34.28.59.96 - - [19/Jul/2026:01:26:35 -0600] "GET /wp-content/plugins/elementor/assets/js/frontend-modules.min.js?ver=4.1.4 HTTP/1.1" 200 15915 "https://dfw.party/" "Mozilla/5.0 (Windows NT 5.1; rv:17.0) Gecko/20100101 Firefox/17.0"
34.28.59.96 - - [19/Jul/2026:01:26:35 -0600] "GET /wp-content/plugins/elementor/assets/js/webpack.runtime.min.js?ver=4.1.4 HTTP/1.1" 200 2547 "https://dfw.party/" "Mozilla/5.0 (Windows NT 5.1; rv:17.0) Gecko/20100101 Firefox/17.0"
34.28.59.96 - - [19/Jul/2026:01:26:35 -0600] "GET /wp-includes/js/dist/hooks.min.js?ver=7496969728ca0f95732d HTTP/1.1" 200 1824 "https://dfw.party/" "Mozilla/5.0 (Windows NT 5.1; rv:17.0) Gecko/20100101 Firefox/17.0"
34.28.59.96 - - [19/Jul/2026:01:26:35 -0600] "GET /wp-includes/js/dist/i18n.min.js?ver=781d11515ad3d91786ec HTTP/1.1" 200 2466 "https://dfw.party/" "Mozilla/5.0 (Windows NT 5.1; rv:17.0) Gecko/20100101 Firefox/17.0"
34.28.59.96 - - [19/Jul/2026:01:26:30 -0600] "GET /sitemap.html HTTP/1.0" 404 99983 "-" "-"
34.28.59.96 - - [19/Jul/2026:01:26:38 -0600] "GET /wp-content/themes/astra/assets/css/minified/main.min.css?ver=4.13.4 HTTP/2" 200 8666 "https://dfw.party/" "Mozilla/5.0 (Linux; Android 6.0.1; Nexus 5 Build/MRA58N) AppleWebKit/537.36(KHTML, like Gecko) Chrome/66.0.3359.30 Mobile Safari/537.36"
34.28.59.96 - - [19/Jul/2026:01:26:38 -0600] "GET /wp-content/uploads/astra-addon/astra-addon-6a3d21413e8636-52792656.css?ver=4.13.4 HTTP/2" 200 2637 "https://dfw.party/" "Mozilla/5.0 (Linux; Android 6.0.1; Nexus 5 Build/MRA58N) AppleWebKit/537.36(KHTML, like Gecko) Chrome/66.0.3359.30 Mobile Safari/537.36"
34.28.59.96 - - [19/Jul/2026:01:26:38 -0600] "GET /wp-content/plugins/elementor/assets/lib/eicons/css/elementor-icons.min.css?ver=5.50.0 HTTP/2" 200 4449 "https://dfw.party/" "Mozilla/5.0 (Linux; Android 6.0.1; Nexus 5 Build/MRA58N) AppleWebKit/537.36(KHTML, like Gecko) Chrome/66.0.3359.30 Mobile Safari/537.36"
34.28.59.96 - - [19/Jul/2026:01:26:38 -0600] "GET /wp-content/plugins/elementor/assets/css/frontend.min.css?ver=4.1.4 HTTP/2" 200 7269 "https://dfw.party/" "Mozilla/5.0 (Linux; Android 6.0.1; Nexus 5 Build/MRA58N) AppleWebKit/537.36(KHTML, like Gecko) Chrome/66.0.3359.30 Mobile Safari/537.36"
34.28.59.96 - - [19/Jul/2026:01:26:38 -0600] "GET /wp-content/uploads/elementor/css/post-17.css?ver=1782391281 HTTP/2" 200 409 "https://dfw.party/" "Mozilla/5.0 (Linux; Android 6.0.1; Nexus 5 Build/MRA58N) AppleWebKit/537.36(KHTML, like Gecko) Chrome/66.0.3359.30 Mobile Safari/537.36"
34.28.59.96 - - [19/Jul/2026:01:26:38 -0600] "GET /wp-content/plugins/ultimate-elementor/assets/min-css/uael-frontend.min.css?ver=1.45.0 HTTP/2" 200 80383 "https://dfw.party/" "Mozilla/5.0 (Linux; Android 6.0.1; Nexus 5 Build/MRA58N) AppleWebKit/537.36(KHTML, like Gecko) Chrome/66.0.3359.30 Mobile Safari/537.36"
34.28.59.96 - - [19/Jul/2026:01:26:38 -0600] "GET /wp-content/plugins/elementor/assets/css/widget-social-icons.min.css?ver=3.24.0 HTTP/2" 200 1130 "https://dfw.party/" "Mozilla/5.0 (Linux; Android 6.0.1; Nexus 5 Build/MRA58N) AppleWebKit/537.36(KHTML, like Gecko) Chrome/66.0.3359.30 Mobile Safari/537.36"
34.28.59.96 - - [19/Jul/2026:01:26:38 -0600] "GET /wp-content/plugins/elementor/assets/lib/font-awesome/css/brands.css?ver=5.15.3 HTTP/2" 200 325 "https://dfw.party/" "Mozilla/5.0 (Linux; Android 6.0.1; Nexus 5 Build/MRA58N) AppleWebKit/537.36(KHTML, like Gecko) Chrome/66.0.3359.30 Mobile Safari/537.36"
34.28.59.96 - - [19/Jul/2026:01:26:38 -0600] "GET /wp-content/plugins/elementor/assets/lib/font-awesome/css/fontawesome.css?ver=5.15.3 HTTP/2" 200 13094 "https://dfw.party/" "Mozilla/5.0 (Linux; Android 6.0.1; Nexus 5 Build/MRA58N) AppleWebKit/537.36(KHTML, like Gecko) Chrome/66.0.3359.30 Mobile Safari/537.36"
34.28.59.96 - - [19/Jul/2026:01:26:38 -0600] "GET /wp-content/plugins/elementor/assets/lib/font-awesome/css/solid.css?ver=5.15.3 HTTP/2" 200 327 "https://dfw.party/" "Mozilla/5.0 (Linux; Android 6.0.1; Nexus 5 Build/MRA58N) AppleWebKit/537.36(KHTML, like Gecko) Chrome/66.0.3359.30 Mobile Safari/537.36"
34.28.59.96 - - [19/Jul/2026:01:26:38 -0600] "GET /wp-content/plugins/elementor/assets/lib/animations/styles/rotateIn.min.css?ver=4.1.4 HTTP/2" 200 180 "https://dfw.party/" "Mozilla/5.0 (Linux; Android 6.0.1; Nexus 5 Build/MRA58N) AppleWebKit/537.36(KHTML, like Gecko) Chrome/66.0.3359.30 Mobile Safari/537.36"
34.28.59.96 - - [19/Jul/2026:01:26:38 -0600] "GET /wp-content/plugins/elementor/assets/css/widget-image.min.css?ver=4.1.4 HTTP/2" 200 134 "https://dfw.party/" "Mozilla/5.0 (Linux; Android 6.0.1; Nexus 5 Build/MRA58N) AppleWebKit/537.36(KHTML, like Gecko) Chrome/66.0.3359.30 Mobile Safari/537.36"
34.28.59.96 - - [19/Jul/2026:01:26:38 -0600] "GET /wp-content/uploads/elementor/css/post-542.css?ver=1782391287 HTTP/2" 200 1370 "https://dfw.party/" "Mozilla/5.0 (Linux; Android 6.0.1; Nexus 5 Build/MRA58N) AppleWebKit/537.36(KHTML, like Gecko) Chrome/66.0.3359.30 Mobile Safari/537.36"
34.28.59.96 - - [19/Jul/2026:01:26:38 -0600] "GET /wp-content/plugins/essential-addons-for-elementor-lite/assets/front-end/css/view/general.min.css?ver=6.6.9 HTTP/2" 200 1581 "https://dfw.party/" "Mozilla/5.0 (Linux; Android 6.0.1; Nexus 5 Build/MRA58N) AppleWebKit/537.36(KHTML, like Gecko) Chrome/66.0.3359.30 Mobile Safari/537.36"
34.28.59.96 - - [19/Jul/2026:01:26:38 -0600] "GET /wp-content/uploads/elementor/google-fonts/css/roboto.css?ver=1742391196 HTTP/2" 200 2840 "https://dfw.party/" "Mozilla/5.0 (Linux; Android 6.0.1; Nexus 5 Build/MRA58N) AppleWebKit/537.36(KHTML, like Gecko) Chrome/66.0.3359.30 Mobile Safari/537.36"
34.28.59.96 - - [19/Jul/2026:01:26:38 -0600] "GET /wp-content/uploads/elementor/google-fonts/css/robotoslab.css?ver=1742391202 HTTP/2" 200 915 "https://dfw.party/" "Mozilla/5.0 (Linux; Android 6.0.1; Nexus 5 Build/MRA58N) AppleWebKit/537.36(KHTML, like Gecko) Chrome/66.0.3359.30 Mobile Safari/537.36"
34.28.59.96 - - [19/Jul/2026:01:26:39 -0600] "GET /wp-includes/js/jquery/jquery.min.js?ver=3.7.1 HTTP/2" 200 30412 "https://dfw.party/" "Mozilla/5.0 (Linux; Android 6.0.1; Nexus 5 Build/MRA58N) AppleWebKit/537.36(KHTML, like Gecko) Chrome/66.0.3359.30 Mobile Safari/537.36"
34.28.59.96 - - [19/Jul/2026:01:26:39 -0600] "GET /wp-includes/js/jquery/jquery-migrate.min.js?ver=3.4.1 HTTP/2" 200 4870 "https://dfw.party/" "Mozilla/5.0 (Linux; Android 6.0.1; Nexus 5 Build/MRA58N) AppleWebKit/537.36(KHTML, like Gecko) Chrome/66.0.3359.30 Mobile Safari/537.36"
34.28.59.96 - - [19/Jul/2026:01:26:39 -0600] "GET /wp-content/uploads/2025/03/DFW-Party.jpg HTTP/2" 200 81448 "https://dfw.party/" "Mozilla/5.0 (Linux; Android 6.0.1; Nexus 5 Build/MRA58N) AppleWebKit/537.36(KHTML, like Gecko) Chrome/66.0.3359.30 Mobile Safari/537.36"
34.28.59.96 - - [19/Jul/2026:01:26:39 -0600] "GET /wp-content/uploads/2026/06/DFW-Singing-Telegrams-logo.jpg HTTP/2" 200 40120 "https://dfw.party/" "Mozilla/5.0 (Linux; Android 6.0.1; Nexus 5 Build/MRA58N) AppleWebKit/537.36(KHTML, like Gecko) Chrome/66.0.3359.30 Mobile Safari/537.36"
34.28.59.96 - - [19/Jul/2026:01:26:31 -0600] "GET / HTTP/2" 200 28283 "-" "Mozilla/5.0 (Linux; Android 6.0.1; Nexus 5 Build/MRA58N) AppleWebKit/537.36(KHTML, like Gecko) Chrome/66.0.3359.30 Mobile Safari/537.36"
34.28.59.96 - - [19/Jul/2026:01:26:42 -0600] "GET /wp-content/themes/astra/assets/js/minified/frontend.min.js?ver=4.13.4 HTTP/2" 200 5978 "https://dfw.party/" "Mozilla/5.0 (Linux; Android 6.0.1; Nexus 5 Build/MRA58N) AppleWebKit/537.36(KHTML, like Gecko) Chrome/66.0.3359.30 Mobile Safari/537.36"
34.28.59.96 - - [19/Jul/2026:01:26:42 -0600] "GET /wp-content/uploads/astra-addon/astra-addon-6a3d21413f0462-10524613.js?ver=4.13.4 HTTP/2" 200 3405 "https://dfw.party/" "Mozilla/5.0 (Linux; Android 6.0.1; Nexus 5 Build/MRA58N) AppleWebKit/537.36(KHTML, like Gecko) Chrome/66.0.3359.30 Mobile Safari/537.36"
34.28.59.96 - - [19/Jul/2026:01:26:42 -0600] "GET /wp-content/plugins/astra-addon/assets/js/minified/purify.min.js?ver=4.13.4 HTTP/2" 200 8786 "https://dfw.party/" "Mozilla/5.0 (Linux; Android 6.0.1; Nexus 5 Build/MRA58N) AppleWebKit/537.36(KHTML, like Gecko) Chrome/66.0.3359.30 Mobile Safari/537.36"
34.28.59.96 - - [19/Jul/2026:01:26:42 -0600] "GET /wp-includes/js/imagesloaded.min.js?ver=5.0.0 HTTP/2" 200 1801 "https://dfw.party/" "Mozilla/5.0 (Linux; Android 6.0.1; Nexus 5 Build/MRA58N) AppleWebKit/537.36(KHTML, like Gecko) Chrome/66.0.3359.30 Mobile Safari/537.36"
34.28.59.96 - - [19/Jul/2026:01:26:42 -0600] "GET /wp-content/plugins/ultimate-elementor/assets/lib/slick/slick.min.js?ver=1.45.0 HTTP/2" 200 10655 "https://dfw.party/" "Mozilla/5.0 (Linux; Android 6.0.1; Nexus 5 Build/MRA58N) AppleWebKit/537.36(KHTML, like Gecko) Chrome/66.0.3359.30 Mobile Safari/537.36"
